{"id":2710,"date":"2022-11-28T02:26:13","date_gmt":"2022-11-28T02:26:13","guid":{"rendered":"https:\/\/ovatheme.com\/romancy\/?post_type=product&#038;p=2710"},"modified":"2024-08-09T23:20:34","modified_gmt":"2024-08-09T23:20:34","slug":"suit-oda","status":"publish","type":"product","link":"https:\/\/www.marisolhotel.com\/?product=suit-oda","title":{"rendered":"Standart Oda"},"content":{"rendered":"","protected":false},"excerpt":{"rendered":"<p>Masmavi deniz ve do\u011fan\u0131n keyfini doyas\u0131ya ya\u015fayabilece\u011finiz farkl\u0131 konseptlerde dizayn edilmi\u015f <strong>27<\/strong> m\u00b2 kullan\u0131m alan\u0131na sahip Standart odalar\u0131m\u0131z\u0131n; teras\u0131nda G\u00fcndo\u011fan koyunun muhte\u015fem yakamoz manzaras\u0131na hakim dinlenme koltuklar\u0131, kendinizi evinizin rahatl\u0131\u011f\u0131nda ve konforunda hissedece\u011finiz yatak ve banyo tak\u0131mlar\u0131m\u0131z, LCD TV, telefon, mini bar, kettle, f\u00f6n makinesi ve merkezi klima bulunmaktad\u0131r.<\/p>\n<p>Ayr\u0131ca engelli misafirlerimiz i\u00e7in \u00f6zel donat\u0131lm\u0131\u015f bir adet engelli odam\u0131z mevcuttur.<\/p>\n","protected":false},"featured_media":3426,"comment_status":"open","ping_status":"closed","template":"","meta":[],"product_cat":[28],"product_tag":[],"class_list":{"0":"post-2710","1":"product","2":"type-product","3":"status-publish","4":"has-post-thumbnail","6":"product_cat-odalar","8":"first","9":"instock","10":"featured","11":"shipping-taxable","12":"product-type-simple"},"_links":{"self":[{"href":"https:\/\/www.marisolhotel.com\/index.php?rest_route=\/wp\/v2\/product\/2710","targetHints":{"allow":["GET"]}}],"collection":[{"href":"https:\/\/www.marisolhotel.com\/index.php?rest_route=\/wp\/v2\/product"}],"about":[{"href":"https:\/\/www.marisolhotel.com\/index.php?rest_route=\/wp\/v2\/types\/product"}],"replies":[{"embeddable":true,"href":"https:\/\/www.marisolhotel.com\/index.php?rest_route=%2Fwp%2Fv2%2Fcomments&post=2710"}],"wp:featuredmedia":[{"embeddable":true,"href":"https:\/\/www.marisolhotel.com\/index.php?rest_route=\/wp\/v2\/media\/3426"}],"wp:attachment":[{"href":"https:\/\/www.marisolhotel.com\/index.php?rest_route=%2Fwp%2Fv2%2Fmedia&parent=2710"}],"wp:term":[{"taxonomy":"product_cat","embeddable":true,"href":"https:\/\/www.marisolhotel.com\/index.php?rest_route=%2Fwp%2Fv2%2Fproduct_cat&post=2710"},{"taxonomy":"product_tag","embeddable":true,"href":"https:\/\/www.marisolhotel.com\/index.php?rest_route=%2Fwp%2Fv2%2Fproduct_tag&post=2710"}],"curies":[{"name":"wp","href":"https:\/\/api.w.org\/{rel}","templated":true}]}}